ivided by 28?
9
What is the remainder when 59168 is divided by 125?
43
Calculate the remainder when 5755557 is divided by 43.
7
What is the remainder when 819509 is divided by 2461?
2457
What is the remainder when 585496 is divided by 4879?
16
What is the remainder when 1894488 is divided by 947163?
162
Calculate the remainder when 254183 is divided by 1199.
1194
Calculate the remainder when 17596994 is divided by 403.
402
Calculate the remainder when 9741241 is divided by 141.
115
Calculate the remainder when 52822 is divided by 10432.
662
Calculate the remainder when 61540 is divided by 29292.
2956
Calculate the remainder when 59065 is divided by 809.
8
What is the remainder when 154558 is divided by 21?
19
What is the remainder when 15282 is divided by 1223?
606
What is the remainder when 11217929 is divided by 5948?
1
Calculate the remainder when 60120439 is divided by 104.
15
What is the remainder when 970794 is divided by 53932?
18
What is the remainder when 10971586 is divided by 490?
486
Calculate the remainder when 4205847 is divided by 1039.
1014
What is the remainder when 470560 is divided by 11763?
40
Calculate the remainder when 30506 is divided by 3917.
3087
Calculate the remainder when 15407 is divided by 2371.
1181
Calculate the remainder when 21156 is divided by 6499.
1659
Calculate the remainder when 356447 is divided by 10183.
42
Calculate the remainder when 231200 is divided by 7204.
672
Calculate the remainder when 3209323 is divided by 1604653.
17
What is the remainder when 106877211 is divided by 1698?
1695
What is the remainder when 360586 is divided by 623?
492
What is the remainder when 195060 is divided by 3460?
1300
What is the remainder when 1058107 is divided by 117567?
4
What is the remainder when 327948 is divided by 21?
12
Calculate the remainder when 6864118 is divided by 2602.
42
Calculate the remainder when 7262364 is divided by 1815589.
8
What is the remainder when 75135536 is divided by 85?
41
Calculate the remainder when 424135 is divided by 30293.
33
Calculate the remainder when 368739 is divided by 292.
235
Calculate the remainder when 659442 is divided by 659435.
7
Calculate the remainder when 7553754 is divided by 9.
0
Calculate the remainder when 29485006 is divided by 9.
7
Calculate the remainder when 22276243 is divided by 4562.
4559
What is the remainder when 347662 is divided by 260?
42
Calculate the remainder when 4159040 is divided by 869.
6
What is the remainder when 626461 is divided by 88?
77
Calculate the remainder when 257626 is divided by 3628.
38
What is the remainder when 107800326 is divided by 273?
270
Calculate the remainder when 392015 is divided by 473.
371
Calculate the remainder when 8744161 is divided by 2186038.
9
What is the remainder when 11859399 is divided by 301?
300
What is the remainder when 112420 is divided by 673?
29
Calculate the remainder when 4926945 is divided by 15021.
57
Calculate the remainder when 36451243 is divided by 2651.
2644
What is the remainder when 256635 is divided by 107?
49
What is the remainder when 114529451 is divided by 1676?
1667
Calculate the remainder when 6931986 is divided by 11.
6
What is the remainder when 315242 is divided by 78785?
102
What is the remainder when 3071292 is divided by 1023761?
9
What is the remainder when 26744681 is divided by 27?
20
Calculate the remainder when 953978 is divided by 190794.
8
Calculate the remainder when 44573889 is divided by 22286885.
119
Calculate the remainder when 423338 is divided by 493.
344
Calculate the remainder when 117808 is divided by 37983.
3859
Calculate the remainder when 51966018 is divided by 188.
186
What is the remainder when 86847 is divided by 21521?
763
What is the remainder when 20758529 is divided by 8635?
8624
What is the remainder when 338533 is divided by 1244?
165
What is the remainder when 8680724 is divided by 8885?
79
What is the remainder when 426481 is divided by 224?
209
What is the remainder when 8577 is divided by 2369?
1470
Calculate the remainder when 13405746 is divided by 413.
179
What is the remainder when 4132760 is divided by 412?
400
Calculate the remainder when 12996004 is divided by 6497998.
8
Calculate the remainder when 317208 is divided by 152.
136
What is the remainder when 9169 is divided by 8089?
1080
What is the remainder when 97407 is divided by 13817?
688
What is the remainder when 78287507 is divided by 19571876?
3
What is the remainder when 61789 is divided by 794?
651
What is the remainder when 727303 is divided by 25078?
41
Calculate the remainder when 1439602 is divided by 334.
62
What is the remainder when 5201216 is divided by 4759?
4388
Calculate the remainder when 1180093 is divided by 436.
277
Calculate the remainder when 7190636 is divided by 1504.
12
Calculate the remainder when 9308820 is divided by 9308806.
14
What is the remainder when 69597 is divided by 98?
17
Calculate the remainder when 11579392 is divided by 2315877.
7
What is the remainder when 11265293 is divided by 98?
95
What is the remainder when 34463381 is divided by 5977?
5976
Calculate the remainder when 10577827 is divided by 72.
19
What is the remainder when 7144 is divided by 1360?
344
Calculate the remainder when 3677804 is divided by 357.
347
Calculate the remainder when 2167905 is divided by 6304.
5633
What is the remainder when 11321204 is divided by 2573?
4
What is the remainder when 449430 is divided by 720?
150
Calculate the remainder when 1428093 is divided by 103.
101
Calculate the remainder when 3297543 is divided by 1648766.
11
Calculate the remainder when 3062210 is divided by 841.
129
Calculate the remainder when 10300273 is divided by 539.
522
What is the remainder when 99035 is divided by 48711?
1613
Calculate the remainder when 96856 is divided by 601.
95
What is the remainder when 310140951 is divided by 4482?
4479
What is the remainder when 54350 is divided by 113?
110
Calculate the remainder when 1377104 is divided by 459033.
5
What is the remainder when 172199 is divided by 4652?
75
Calculate the remainder when 15818984 is divided by 316.
24
Calculate the remainder when 1408166 is divided by 1434.
1412
Calculate the remainder when 26438 is divided by 137.
134
What is the remainder when 127379505 is divided by 1137317?
1
Calculate the remainder when 7841805 is divided by 101.
64
What is the remainder when 12928456 is divided by 11?
2
What is the remainder when 265661 is divided by 37745?
1446
What is the remainder when 984767 is divided by 164124?
23
What is the remainder when 1073524 is divided by 905?
194
What is the remainder when 933836148 is divided by 23?
15
What is the remainder when 10545264 is divided by 2963?
2910
What is the remainder when 27169778 is divided by 344?
314
Calculate the remainder when 43631 is divided by 1509.
1379
What is the remainder when 80567272 is divided by 43597?
16
Calculate the remainder when 2194323 is divided by 376.
363
Calculate the remainder when 6702304 is divided by 1617.
1456
Calculate the remainder when 1330708 is divided by 171.
157
What is the remainder when 16622 is divided by 1020?
302
Calculate the remainder when 22705268 is divided by 1621804.
12
Calculate the remainder when 918645 is divided by 131214.
147
Calculate the remainder when 5623803 is divided by 4528.
27
Calculate the remainder when 140578 is divided by 33794.
5402
What is the remainder when 2426751 is divided by 2426748?
3
Calculate the remainder when 1321220 is divided by 440398.
26
Calculate the remainder when 23998577 is divided by 11.
9
Calculate the remainder when 7670285 is divided by 32364.
17
Calculate the remainder when 2689978 is divided by 15549.
1
Calculate the remainder when 13279136 is divided by 3319711.
292
What is the remainder when 11078442 is divided by 10?
2
Calculate the remainder when 2586541 is divided by 37.
19
Calculate the remainder when 1062700 is divided by 11426.
82
What is the remainder when 113627 is divided by 37874?
5
Calculate the remainder when 31246 is divided by 840.
166
What is the remainder when 64931214 is divided by 2971?
9
Calculate the remainder when 182861 is divided by 199.
179
Calculate the remainder when 837787 is divided by 9623.
586
Calculate the remainder when 86626 is divided by 